/3.
2
Let n(w) = w**2 - 4*w - 7. Let g = -79 - -92. Calculate the remainder when g is divided by n(6).
3
Let y(k) be the third derivative of k**4/24 - 4*k**2. Calculate the remainder when y(1) is divided by 1.
0
Suppose -205 = -41*h + 36*h. Let q(k) = -k**2 + k - 1. Let r be q(-4). What is the remainder when h is divided by r/(3 + -1 - 3)?
20
Let r = 11 + 2. Let l = 0 + 3. Suppose 5*d = y - 3*y + 9, -l*d = -5*y + 38. What is the remainder when r is divided by y?
6
Let v(y) = y**2 - 5*y - 14. Calculate the remainder when 102 is divided by v(10).
30
Suppose 4*y - 24 = -0*y. What is the remainder when 21 is divided by y?
3
Let m(d) = -d + 7. Let r be (3/6)/((-1)/(-10)). What is the remainder when (-3)/6 - (-5)/2 is divided by m(r)?
0
Suppose u - 11 = -2. Calculate the remainder when 25 is divided by u.
7
Suppose -3*g = -59 - 34. What is the remainder when 151 is divided by g?
27
Suppose -5*g - 10 = 3*h, -4*h + h - 3*g - 6 = 0. Suppose h*i = i - 5. What is the remainder when i is divided by -1 + 0 - (2 + -6)?
2
Suppose 4*u - 2*d = -d + 566, 0 = -4*u - 3*d + 558. Calculate the remainder when u is divided by 11.
9
Suppose 5*s = s + 3*y + 76, y = -2*s + 38. Let c(b) = 2*b - 8. Let q be c(6). Suppose -128 = -q*h + 16. Calculate the remainder when h is divided by s.
17
Suppose 18 = 2*k - 144. What is the remainder when k is divided by 28?
25
Let s be 1*(0 - -1)*-24. Suppose 0 = -2*r - 5 - 17. Let i = r - s. What is the remainder when i is divided by 7?
6
Suppose 8 = -4*k, -4*m + 4 = -3*m + 2*k. Calculate the remainder when m is divided by 2.
0
Let f(d) = 5*d - 14. What is the remainder when f(17) is divided by 24?
23
Let l(o) = -o**3 + 7*o**2 - 4*o + 3. Calculate the remainder when l(5) is divided by 12.
9
What is the remainder when (3*-1 + 1)*(-760)/80 is divided by 11?
8
Let j(n) be the third derivative of n**5/60 + n**4/6 - n**3/2 - 2*n**2. Let f = 116 - 90. Calculate the remainder when f is divided by j(-6).
8
Suppose -2*m - 8 = -3*t + t, 3*t = -3*m. Suppose -4*f = 4*o + 8, o - 24 = -o + 5*f. Calculate the remainder when 5/(5/t) + 0 is divided by o.
0
Let b(f) = -f**2 + 10*f - 4. Let t be b(4). Suppose t = 4*a + a. Suppose 5*w - 3 = a*y + 18, 4*w + 8 = -3*y. What is the remainder when w is divided by 1?
0
Let j(l) be the second derivative of l**4/12 + l**3/2 - 7*l**2/2 - 4*l. Calculate the remainder when 7 is divided by j(-5).
1
Let b = 135 + 71. Calculate the remainder when b is divided by 9.
8
Let g(c) = -8*c - 5. Calculate the remainder when 84 is divided by g(-6).
41
Suppose 22 = 5*w - 43. Calculate the remainder when w is divided by 5.
3
Let f be 4/12 + (-10)/(-6). Suppose -2*c - 2*c + 96 = 4*j, -c + 33 = -f*j. Suppose 4*l - c = 101. What is the remainder when l is divided by 11?
10
Calculate the remainder when (93/(-12) + -2)*-4 is divided by 10.
9
Let f = 7 + 15. Let l = -27 - -15. Calculate the remainder when f is divided by (l/(-1))/2 - -2.
6
Suppose 3*b = 22 + 140. Suppose -3*c + 0*c = -b. Let q = 14 - 4. Calculate the remainder when c is divided by q.
8
Suppose 2*n - 46 = -0*n. Let q = -133 + 139. Calculate the remainder when n is divided by q.
5
Let v(g) = -28*g**2 - 9*g - 13. Let c(h) = 7*h**2 + 2*h + 3. Let k = 6 - 4. Let m(z) = k*v(z) + 9*c(z). Calculate the remainder when 23 is divided by m(1).
7
Suppose y + 40 = -3*y. Let l = y - -20. What is the remainder when 39 is divided by l?
9
Let p be 79 - (9 + -3)/(-2). Let v be (p/(-6))/(3/(-9)). Suppose -n = n - 5*h - v, -3*n - 3*h + 51 = 0. What is the remainder when 35 is divided by n?
17
Suppose 2*r + r = 4*s - 302, r - 2 = 0. What is the remainder when s is divided by 20?
17
Let p be 3 - (-1 - (24 + 0)). Suppose v + p = 3*v - 2*s, 2*s + 58 = 5*v. Calculate the remainder when 18 is divided by v.
8
Let u = 19 - 8. What is the remainder when 20 is divided by u?
9
Calculate the remainder when (0 - -43)*6*(-1)/(-6) is divided by 9.
7
Suppose 3*y + b - 40 = 5*b, -28 = -4*y - b. Calculate the remainder when 38 is divided by y.
6
Let w = 64 - 37. Let b(n) = -6*n + 1. What is the remainder when w is divided by b(-1)?
6
Let f = -33 + 5. What is the remainder when -9*f/18*6 is divided by 29?
26
Suppose -g = -3*d + 167 + 76, 2*d + 5*g = 179. What is the remainder when d is divided by 28?
26
Suppose -o + 21 = 5*i, 2*i - 1 = 4*o + 3. Let h = 6 - o. What is the remainder when 11 + (-2 - -3) - 4 is divided by h?
3
Let b(a) = a**3 + 6*a**2 - a - 4. Suppose 20 = -3*d - o, 4*d - o - o + 20 = 0. Let j be b(d). What is the remainder when 38 is divided by j*1 + (-3 - -14)?
12
Suppose -k - k + 28 = 0. Calculate the remainder when (-2 + 1)/(166/(-82) - -2) is divided by k.
13
Let y = -15 + 20. Suppose -4*f + 68 = 4*m, -6*m + 2*m = -12. What is the remainder when f is divided by y?
4
Suppose -3*z = -5*y + 74, 2*y - 2*z - 48 + 16 = 0. What is the remainder when 36 is divided by y?
10
Suppose -5*t = a + 4, 4*t + 0*a + 8 = -2*a. Let w be 3*(t + (-20)/6). Calculate the remainder when 23 is divided by (4/w)/(3/(-45)).
5
Let j = 1 - -5. Suppose 50 = 5*v - 2*f - 37, -3*v = 3*f - 48. What is the remainder when v is divided by j?
5
Let c = 75 + -44. Let q(i) = -3*i - 1. Let f be q(-2). Suppose f*r = 4*r + 17. Calculate the remainder when c is divided by r.
14
Let i be 3/(3/8*2). What is the remainder when 34 is divided by 66/i + (-6)/(-4)?
16
Let d = 18 - -43. Suppose l - 5*o = -6, -21 = -5*l - 3*o + d. What is the remainder when 55 is divided by l?
13
Let s be (-4)/(-6) - 20/3. Let z(u) = -u**3 - 5*u**2 + u - 1. What is the remainder when z(s) is divided by 15?
14
Suppose -2*l + 21 = -3*m, m - 6 + 20 = 3*l. Calculate the remainder when (0 - -10)*4/5 is divided by l.
2
Suppose 78*g - 27 = 75*g. What is the remainder when 43 is divided by g?
7
Let c be (3/(-6))/((-2)/116). Suppose 5*m - 56 - c = 0. Calculate the remainder when 66 is divided by m.
15
Let c = 6 + -6. Suppose 7*g - 3*g - 12 = c. Suppose -q - 8 + 0 = 3*u, 0 = -g*q - 4*u - 9. Calculate the remainder when q is divided by 1.
0
Let i = 44 + -28. Calculate the remainder when ((-184)/12)/(3/(-9)) is divided by i.
14
Suppose -3*g + 6 = -0. What is the remainder when (-3)/g*372/(-18) is divided by 17?
14
Let a be 2*122*(-3)/(-12). Suppose 14 = z - 4*v, 0 = 4*z + 4*v + 5 - a. Calculate the remainder when ((-18)/8)/((-1)/12) is divided by z.
13
Let y be (-8)/(-6)*(0 - -3). Let b = y + -2. What is the remainder when 2 is divided by b?
0
Suppose -182 = -4*x - 3*y, y - 233 = -9*x + 4*x. Calculate the remainder when x is divided by 12.
11
Let j = 144 - 81. What is the remainder when j is divided by 22?
19
Let b(t) = -8*t - 19. What is the remainder when b(-7) is divided by 13?
11
Suppose -2*m - 37 = 3*w - 123, -20 = -5*w. Let c be -1 - (2 + 4)*3. Let z = m + c. What is the remainder when 53 is divided by z?
17
Suppose 0 = -3*i - 1 - 8. Calculate the remainder when 2/(-2)*249/i is divided by 21.
20
Let t be (-10)/(-3)*6/5. Suppose 2*h + t = -4. Let g(v) = v**2 + v - 4. What is the remainder when g(h) is divided by 5?
3
Suppose 4*v = 8 + 324. What is the remainder when v is divided by 28?
27
Let l(f) = 11*f**2 - 2*f + 1. Let i(n) = -n**2 + 18. Let h = -4 + 4. What is the remainder when i(h) is divided by l(1)?
8
Let z = 2 + 0. Calculate the remainder when (-516)/(-15) - z/5 is divided by 100/(-175) + 130/7.
16
Let m(c) = -c**2 - 14*c - 1. Calculate the remainder when 59 is divided by m(-13).
11
Let p be (4 - 4) + 19*4. Suppose -2*x + p = 2*x. What is the remainder when 73 is divided by x?
16
Let d = -17 - -66. What is the remainder when d is divided by 13?
10
Suppose 3 = -2*d - 5. Let f = d - 5. What is the remainder when ((-6)/f)/(4/306) is divided by 18?
15
Suppose -4*j - 4*v + 77 = -31, 4*j - 2*v - 108 = 0. What is the remainder when j is divided by 14?
13
Let f = -41 - -49. Calculate the remainder when 9 is divided by f.
1
Let n be 2 - -1*177 - -1. Let c = n + -122. Suppose -2*p - 80 = -5*i + 3*p, -2*p = 3*i - 43. What is the remainder when c is divided by i?
13
Let h(p) = p**3 + 7*p**2 - 3*p + 2. Let w(a) = -a**2 - 9*a + 1. Let l be w(-9). Let i be (8/(-1) + 1)/l. What is the remainder when h(i) is divided by 12?
11
Let c(n) = -n**3 - 6*n**2 - n. Let l be c(-6). Calculate the remainder when 46/3 + 4/l is divided by 6.
4
Let g be ((-295)/(-10))/((-2)/4). Let q = 